mainder when 2293 is divided by y(52)?
38
Suppose 0 = -9524*u + 9500*u + 1416. Calculate the remainder when 1214 is divided by u.
34
Suppose -3*w + 5*w + 23400 = 54*w. Calculate the remainder when w is divided by 154.
142
Suppose 2*j + 2 = 5*t - 11, 5*j - 3*t - 15 = 0. Suppose -37 = -3*m - 7. Let o = m - -29. Calculate the remainder when o is divided by j.
3
Let t = -86 - -160. What is the remainder when t is divided by ((-656)/(-12))/2 - (10 + 286/(-33))?
22
Let y be (-1)/(-1) - 3*-26. Suppose 1311*p = 1304*p + 840. Let r = y + p. Calculate the remainder when r is divided by 25.
24
Let m = 31 - -7. Suppose -2*r = 5*y - 4*r + 765, 2*y + 306 = 5*r. Let l = 163 + y. What is the remainder when m is divided by l?
8
Let r(c) = -18*c - 1951. What is the remainder when 1316 is divided by r(-111)?
0
Let z(o) = -o**3 + 20*o**2 + 48*o - 58. Let d be z(22). Let m(g) = 2*g. Let r be m(6). Let c = d - r. Calculate the remainder when 70 is divided by c.
16
What is the remainder when (-8)/(-32)*-830*(-4)/5 is divided by 14?
12
Suppose 3*f - 580 - 635 = 0. Let m = f + -372. What is the remainder when m is divided by 9?
6
Let z be ((-4)/8)/(2 - 106/52). Suppose 0 = -3*s - 4*x + 59, 2*s - 3*s + 2*x = -z. What is the remainder when 100 is divided by s?
15
Let p(k) = k + 33. Let b be p(5). Suppose -19 = 2*w - 5*w - 4*u, -4*w + b = -u. Calculate the remainder when 105 is divided by w.
6
What is the remainder when 201/((-5 - 3) + (-172)/(-20)) is divided by 28?
27
Suppose -2*v - 2*n + 18 = 0, -4*v - 5*n + 31 = -3. Let k = 500 + -336. Calculate the remainder when k is divided by v.
10
Suppose -2*y = -4*u - 2834, 5*y - 8*u = -3*u + 7045. What is the remainder when y is divided by 9?
6
Suppose 12 = 3*i, -4*i = 125*p - 122*p - 43. Calculate the remainder when 17277 is divided by p.
6
Suppose 3*o = w - 8, 0*o - 13 = -3*w - 2*o. Suppose -4*q = -w*f - 142, -2*q - 5*f = -q - 48. Let x = 62 - q. What is the remainder when 92 is divided by x?
20
Let v = 42 - -10. Let t(r) = r**3 + 13*r - 12. Let q be t(6). Let f = -182 + q. What is the remainder when f is divided by v?
48
Let o(x) = x**2 - 29*x - 33. Let r be o(15). Let g = 348 + r. Let y = 223 - g. Calculate the remainder when y is divided by 30.
28
Let a(f) = 5*f**2 + 9*f + 10. Suppose 2 + 2 = 2*r. Suppose 4*n + 3*i + 7 = 0, 3*i = 2*n - r*i + 23. Calculate the remainder when a(n) is divided by 19.
16
Let r = 5469 + -5450. Calculate the remainder when 640 is divided by r.
13
Suppose 0 = 3*y - 5*b - 278, -2*y + 3*b + 76 = -109. Let r = -849 + 873. Calculate the remainder when y is divided by r.
19
Let b be ((-18)/(-14) + -1)/(114/4788). Suppose -t - 570 = -2*m + b, 0 = 2*m + 2*t - 570. What is the remainder when m is divided by 59?
53
What is the remainder when (-180)/54 - 391510/(-21) is divided by 78?
76
Suppose 19 = j + 16, 4*d - 4*j = 8. Let y be 2/(-4) + 429/6. Suppose -y = -2*l + 3*f + 17, -3*f = -6. What is the remainder when l is divided by d?
2
Let n(i) = -27*i - 22. Let t be n(-1). Suppose 851 = 4*l + 75*v - 80*v, 0 = t*l - v - 1090. What is the remainder when l is divided by 44?
43
Suppose -119*f = -182*f + 11970. Calculate the remainder when f is divided by 142.
48
Suppose -44*j + 45*j - 44 = -3*w, -5*j = -3*w - 202. Suppose 0 = -3*m + x + 488, -4*m = m - 4*x - 818. Calculate the remainder when m is divided by j.
39
Let n be 18/4*2 - (-30)/(-10). What is the remainder when 11 is divided by (-4)/(-28) + ((-600)/(-35))/n?
2
Suppose -210 = -4*o + 14. Suppose 4*l = -5*c - o, 3*c = -5*l - 67 + 10. What is the remainder when (9/(-3))/(l/213) is divided by 18?
17
Let l(d) = 3*d**2 - 73*d - 20. Let s be l(24). Let k = -19 - -33. Calculate the remainder when (-50 - 0)/((-11)/(s/(-8))) is divided by k.
11
Suppose -1707 = -19*m - 1593. What is the remainder when 579 is divided by m?
3
Calculate the remainder when 65650/182 - 4 - ((-36)/(-21) + -2) is divided by 357.
0
Let h = -52 + 52. Suppose -t + 5*i = 4, -6 = -t - 5*i - h. What is the remainder when (12/(-24))/(t/(-82)) is divided by 14?
13
Let d = -60 - -104. Suppose -6*j + d = -2*j. Calculate the remainder when 75 is divided by (0 - (-4 + 1))*j/3.
9
Let l(w) = -50*w**3 + w**2 + w. Let z(g) = 42*g**2 + 216*g + 53. Calculate the remainder when l(-1) is divided by z(-5).
4
Let c(j) = -2*j**3 - 15*j**2 - 31*j + 4. Let a be c(-5). Suppose -4*t = 60 + 60. Let d = a - t. Calculate the remainder when d is divided by 22.
20
Let w be -385 + (1 + -1 - (-10 - -8)). Let a = w - -811. Calculate the remainder when a is divided by 72.
68
Suppose -5*l + 3*d - 712 = 0, -218 = 5*l + 2*d + 499. Let b = l + 160. What is the remainder when b is divided by (-2 + 0)*-2*1?
1
Let s be (0 - 73/(-4))/(1/4). Suppose -s = 4*z - 13. Calculate the remainder when 14 is divided by 1/3 - (115/z - 0).
6
Let f(o) = 470*o**2 + 13*o. What is the remainder when f(-2) is divided by 16?
14
Let r(u) = -51*u - 28. Let n be r(-8). Suppose -n = -9*l - 110. What is the remainder when 116 is divided by l/2 + (-3 - -5)?
14
Let h = 137 + -135. Suppose h*l = -5*s + 22, -l - 4 = -5*l. Suppose 0 = -4*w - s*y - y + 167, -w + 26 = -4*y. What is the remainder when w is divided by 20?
18
Let q = -4 - -21. Let u be -8*57/(-30)*-5. What is the remainder when -1*(5 - u)*-1 is divided by q?
13
Let d(q) = 33*q**2 - 33*q - 92. Calculate the remainder when d(-6) is divided by 65.
59
Suppose 0 = 2*i + 4, -5*m + 10*i - 5*i + 1155 = 0. Suppose 3*b = 6*z - 4*z - 484, m = z + 5*b. What is the remainder when z is divided by 40?
39
Suppose 3*m - 281 = 3*j - j, 675 = -5*j + 2*m. Let o = j - -136. What is the remainder when 16 is divided by o?
1
Let i(g) = 7*g**2 - 22*g - 8. Let t be i(-4). Let p = t - 180. What is the remainder when 153 is divided by p?
9
Let r = -7872 + 8512. Calculate the remainder when r is divided by 233.
174
Suppose -102 = -11*n - 36. Let j be (-60)/(-14) + 10/(-35). Suppose -j*p + 23 = a, a = -4*a - 2*p + 115. What is the remainder when a is divided by n?
5
Let u(n) = -n + 11. Let z be u(0). What is the remainder when 131 is divided by (1 - 0) + 32 + z?
43
Let w be 99/4 - 3/(-12). Suppose -4*c + 43 = -3*a, -2*c = -3*c - 4*a + w. Calculate the remainder when (-32 - -25 - -17) + 14*14/4 is divided by c.
7
Suppose 106 + 94 = 2*w. Suppose -10*d + w = -8*d. Suppose -2*z - d = -4*z. Calculate the remainder when z is divided by 16.
9
Calculate the remainder when 125 is divided by (-1)/(-1) - (-260)/20.
13
Suppose 0 = a + 4*a + 2*d - 39, a - 15 = -4*d. Suppose r - a = 28. Let o = r + -3. What is the remainder when 189 is divided by o?
29
Suppose 32*h - 6594 = 6684 - 2366. Calculate the remainder when h is divided by 42.
5
Suppose -2792 = -2*y - 5*o + 587, -4*y + 5*o + 6683 = 0. What is the remainder when y is divided by 838?
1
Let x(k) = k**2 + 17*k + 85. Let f be x(-14). Let h = f + 8. What is the remainder when 100 is divided by h?
49
Suppose p = -2*i + 163, -208 = -p - 5*i - 36. Suppose 6*r - 59 = p. Calculate the remainder when 359 is divided by r.
35
Let t(m) be the second derivative of m**3/3 + 31*m**2/2 + 5*m - 9. Calculate the remainder when 26 is divided by t(-12).
5
Let w(b) = b**3 - 21*b**2 + 77*b - 627. What is the remainder when w(28) is divided by 117?
114
Let g(b) = -18*b**2 - 7*b - 13. Let x be g(-4). Let w = 451 + x. Calculate the remainder when w is divided by 45.
43
Suppose 16200 = -3*n + 2*d + 80988, -3*d = 4*n - 86401. What is the remainder when n is divided by 30?
28
Suppose -13 - 5 = -2*g. Suppose -g*c = -50 - 76. Suppose -2*x = -5*t + 37 + 8, -c = t - 5*x. Calculate the remainder when 40 is divided by t.
7
Let h be (-11)/(-6 + 123/21). Suppose 0 = -h*s + 72*s + 140. What is the remainder when s is divided by 19?
9
Suppose 516 = -a + 519. Suppose -a*c + 2*h = -102, 140 = 2*c + 2*c - 4*h. Calculate the remainder when 54 is divided by c.
22
Suppose -26 = -4*t - 2*d, t = 3*d - 2 - 2. Suppose -1124 = -t*z - o, 4*o - 113 - 127 = -z. What is the remainder when z is divided by 30?
14
Let y = 116 + -116. Suppose y*a + 3*l + 57 = a, -4*l + 190 = 5*a. What is the remainder when 79 is divided by a?
37
Let a = -25 - -31. Let s = 44 + -39. What is the remainder when (((-55)/(-2))/s)/((-2)/(-12)) is divided by a?
3
Let p = -6524 - -6543. What is the remainder when 19 is divided by p?
0
Let j = 2263 - 2208. Calc